{"id":10,"date":"2022-01-02T02:20:15","date_gmt":"2022-01-02T02:20:15","guid":{"rendered":"http:\/\/jgs.lt\/index.php\/home\/"},"modified":"2022-07-15T16:49:27","modified_gmt":"2022-07-15T13:49:27","slug":"pradzia","status":"publish","type":"page","link":"https:\/\/jgs.lt\/","title":{"rendered":"Prad\u017eia"},"content":{"rendered":"\n<div class=\"wp-block-cover alignfull is-light\" style=\"min-height:220px;aspect-ratio:unset;\"><span aria-hidden=\"true\" class=\"wp-block-cover__background has-background-dim\" style=\"background-color:#000000\"><\/span><img loading=\"lazy\" decoding=\"async\" width=\"2200\" height=\"1088\" class=\"wp-block-cover__image-background wp-image-17\" alt=\"\" src=\"https:\/\/jgs.lt\/wp-content\/uploads\/2020\/09\/hero-bg.jpg\" data-object-fit=\"cover\" srcset=\"https:\/\/jgs.lt\/wp-content\/uploads\/2020\/09\/hero-bg.jpg 2200w, https:\/\/jgs.lt\/wp-content\/uploads\/2020\/09\/hero-bg-300x148.jpg 300w, https:\/\/jgs.lt\/wp-content\/uploads\/2020\/09\/hero-bg-1024x506.jpg 1024w, https:\/\/jgs.lt\/wp-content\/uploads\/2020\/09\/hero-bg-768x380.jpg 768w, https:\/\/jgs.lt\/wp-content\/uploads\/2020\/09\/hero-bg-1536x760.jpg 1536w, https:\/\/jgs.lt\/wp-content\/uploads\/2020\/09\/hero-bg-2048x1013.jpg 2048w\" sizes=\"auto, (max-width: 2200px) 100vw, 2200px\" \/><div class=\"wp-block-cover__inner-container is-layout-flow wp-block-cover-is-layout-flow\">\n<h2 class=\"alignfull has-text-align-center has-ast-global-color-8-color has-text-color wp-block-heading\" id=\"jezus-gyvas-siandien\">J\u0117zus gyvas \u0161iandien<\/h2>\n<\/div><\/div>\n\n\n\n<div class=\"inherit-container-width wp-block-group alignfull has-ast-global-color-5-background-color has-background is-layout-constrained wp-block-group-is-layout-constrained\"><div class=\"wp-block-group__inner-container\">\n<p><a href=\"https:\/\/jgs.lt\/en\/\" title=\"English\"><strong>English<\/strong><\/a><\/p>\n\n\n\n<h3 class=\"has-text-align-center wp-block-heading\" id=\"jezus-gyvas-siandien-ir-as-parodysiu-kodel-taip-manau\">J\u0117zus gyvas \u0161iandien ir a\u0161 parodysiu, kod\u0117l taip manau<\/h3>\n\n\n\n<div class=\"wp-block-columns alignwide is-layout-flex wp-container-core-columns-is-layout-28f84493 wp-block-columns-is-layout-flex\">\n<div class=\"wp-block-column is-layout-flow wp-block-column-is-layout-flow\">\n<div class=\"inherit-container-width wp-block-group is-layout-constrained wp-block-group-is-layout-constrained\"><div class=\"wp-block-group__inner-container\">\n<figure class=\"wp-block-image aligncenter size-large\"><img loading=\"lazy\" decoding=\"async\" width=\"644\" height=\"402\" src=\"https:\/\/jgs.lt\/wp-content\/uploads\/2020\/09\/hiking-v1.jpg\" alt=\"\" class=\"wp-image-41\" srcset=\"https:\/\/jgs.lt\/wp-content\/uploads\/2020\/09\/hiking-v1.jpg 644w, https:\/\/jgs.lt\/wp-content\/uploads\/2020\/09\/hiking-v1-300x187.jpg 300w\" sizes=\"auto, (max-width: 644px) 100vw, 644px\" \/><\/figure>\n\n\n\n<p id=\"jei-nerandi-atsakymo-i-pagrindinius-gyvenimo-klausimus\">Jei nerandi atsakymo \u012f pagrindinius gyvenimo klausimus? Kod\u0117l tu atsiradai \u0161itoj \u017eem\u0117j? D\u0117l ko visa tai? Koks gyvenimo tikslas? \u012esileisk mintis apie J\u0117z\u0173, Diev\u0105 \u012f savo galv\u0105 ir tu prad\u0117si tuos pa\u010dius dalykus visai kitaip suprasti. Tu suprasi, kod\u0117l tu atsiradai \u010dia ir kur link tu eini. Galiu garantuot, kad atsiras daugiau d\u017eiaugsmo, ramyb\u0117s ir nebegasdins ateitis,  nes su mumis visada yra mus mylintis dangi\u0161kasis T\u0117tis, bei i\u0161 meil\u0117s gyvyb\u0119 u\u017emus atidav\u0119s J\u0117zus ir jie nori su mumis bendrauti.<\/p>\n\n\n\n<div class=\"wp-block-buttons is-horizontal is-content-justification-center is-layout-flex wp-container-core-buttons-is-layout-03627597 wp-block-buttons-is-layout-flex\">\n<div class=\"wp-block-button\"><a class=\"wp-block-button__link\" href=\"https:\/\/jgs.lt\/index.php\/eteris-dievui\" target=\"_blank\" rel=\"noreferrer noopener\">Eiti \u012f Eteris Dievui<\/a><\/div>\n<\/div>\n<\/div><\/div>\n<\/div>\n\n\n\n<div class=\"wp-block-column is-layout-flow wp-block-column-is-layout-flow\">\n<div class=\"inherit-container-width wp-block-group is-layout-constrained wp-block-group-is-layout-constrained\"><div class=\"wp-block-group__inner-container\">\n<figure class=\"wp-block-image aligncenter size-large\"><img loading=\"lazy\" decoding=\"async\" width=\"644\" height=\"402\" src=\"https:\/\/jgs.lt\/wp-content\/uploads\/2020\/09\/walking-v1.jpg\" alt=\"\" class=\"wp-image-38\" srcset=\"https:\/\/jgs.lt\/wp-content\/uploads\/2020\/09\/walking-v1.jpg 644w, https:\/\/jgs.lt\/wp-content\/uploads\/2020\/09\/walking-v1-300x187.jpg 300w\" sizes=\"auto, (max-width: 644px) 100vw, 644px\" \/><\/figure>\n\n\n\n<p id=\"kelias-su-dievu-yra-siauras-ir-lengva-nuo-jo-iskrypti\">Dvasinis pasaulis turi savo d\u0117snius ir nepriklausomai nuo to ar mes jais tikim ar ne, jie veikia, kaip pvz \u017eem\u0117s trauka. Taigi pa\u017eeidus tuos d\u0117snius, mes susiduriame su pas\u0117km\u0117mis, gal ne i\u0161 karto, gal neakivaizd\u017eiai, bet jie veikia. Tad jei jauti, kad tavo gyvenime n\u0117ra d\u017eiaugsmo, n\u0117ra ramyb\u0117s, per gyvenim\u0105 eini lyg stumtum prie\u0161 save tank\u0105, va\u017eiuojant\u012f \u012f tave, sustok, pasvarstyk, gal ka\u017ekur suklydai, gal blog\u0173 pasirinkim\u0173 pridariai, gal ne t\u0173 tiksl\u0173 vaikaisi. \u017dinok, kad kol tiksi tavo gyvenimo laikrodis (\u0161irdis), tol turi galimyb\u0119 ateiti pas J\u0117z\u0173, jis jau sumok\u0117jo u\u017e visas tavo nuod\u0117mes, tau reikia tik pasinaudoti jo auka ir jis sutaikys tave su Dangi\u0161kuoju T\u0117\u010diu ir ateis ramyb\u0117 ir d\u017eiaugsmas, ir ateitis nusida\u017eys \u0161viesiomis spalvomis. Tada nebegrau\u017ek sav\u0119s d\u0117l praeities, d\u0117k ta\u0161k\u0105, atversk nauj\u0105 puslap\u012f savo gyvenim\u0119 ir nugyvenk j\u012f kitaip, d\u0117kodamas Jam ir d\u017eiaugdamasis bendryste. O \u0160ventoji Dvasia jus i\u0161mokys, kaip gyventi naujai.<\/p>\n\n\n\n<div class=\"wp-block-buttons is-horizontal is-content-justification-center is-layout-flex wp-container-core-buttons-is-layout-03627597 wp-block-buttons-is-layout-flex\">\n<div class=\"wp-block-button\"><a class=\"wp-block-button__link\" href=\"https:\/\/jgs.lt\/index.php\/atgailos-malda\/\" target=\"_blank\" rel=\"noreferrer noopener\">Eiti \u012f atgailos mald\u0105<\/a><\/div>\n<\/div>\n<\/div><\/div>\n<\/div>\n<\/div>\n<\/div><\/div>\n\n\n\n<div class=\"wp-block-cover alignfull is-light has-parallax has-custom-content-position is-position-top-left\" style=\"background-image:url(https:\/\/jgs.lt\/wp-content\/uploads\/2020\/09\/section-bg-img.jpg);min-height:342px;aspect-ratio:unset;\"><span aria-hidden=\"true\" class=\"wp-block-cover__background has-background-dim\" style=\"background-color:#000000\"><\/span><div class=\"wp-block-cover__inner-container is-layout-flow wp-block-cover-is-layout-flow\">\n<div class=\"wp-block-columns alignwide are-vertically-aligned-center is-layout-flex wp-container-core-columns-is-layout-28f84493 wp-block-columns-is-layout-flex\">\n<div class=\"wp-block-column is-vertically-aligned-center is-layout-flow wp-block-column-is-layout-flow\">\n<h3 class=\"has-text-color wp-block-heading\" id=\"tyrinekit-dievo-zodi\" style=\"color:#ffffff\">Tyrin\u0117kit Dievo \u017eod\u012f<\/h3>\n\n\n\n<p class=\"has-text-color\" style=\"color:#ffffff\">Jei pavargote vaikytis pasaulio \u012fskiepyt\u0173 tiksl\u0173, sieki\u0173, \u012fvaizd\u017ei\u0173 ir jau\u010diat\u0117s nusivyl\u0119, apgauti, nerandate gyvenimo d\u017eiaugsmo, pabandykite \u012fsigilinti \u012f tai, k\u0105 sako Dievas per biblij\u0105 apie \u017emogaus gyvenimo keli\u0105, koks jis tur\u0117t\u0173 b\u016bti, kad \u017emogus gyvent\u0173 ramyb\u0117je, d\u017eiaugsme ir i\u0161mokt\u0173 d\u017eiaugtis tuo, k\u0105 turi. Dievas mus suk\u016br\u0117 i\u0161 meil\u0117s ir nor\u0117t\u0173, kad mes gyventume jo palaiminime, bet jis i\u0161 meil\u0117s mums dav\u0117 laisv\u0105 vali\u0105 rinktis. Taigi su\u017einokim, kokia ta Dievo i\u0161mintis, nes pasaulio i\u0161minties jau kiekvienas tikriausiai atsikando. <\/p>\n\n\n\n<div class=\"wp-block-buttons is-layout-flex wp-block-buttons-is-layout-flex\">\n<div class=\"wp-block-button\"><a class=\"wp-block-button__link\" href=\"https:\/\/biblija.lt\/index.aspx\/lt_vertimai\/leidimai\/b_rk_e1999\/kn_skyriai\/\" target=\"_blank\" rel=\"noreferrer noopener\">Skaityti biblij\u0105<\/a><\/div>\n<\/div>\n<\/div>\n<\/div>\n<\/div><\/div>\n\n\n\n<div class=\"inherit-container-width wp-block-group alignfull has-white-background-color has-background is-layout-constrained wp-block-group-is-layout-constrained\"><div class=\"wp-block-group__inner-container\">\n<div class=\"wp-block-columns alignwide are-vertically-aligned-center is-layout-flex wp-container-core-columns-is-layout-28f84493 wp-block-columns-is-layout-flex\">\n<div class=\"wp-block-column is-vertically-aligned-center is-layout-flow wp-block-column-is-layout-flow\" style=\"flex-basis:33.33%\">\n<p id=\"liudijimas\">Liudijimas mums atveria akis. Kol mes nei\u0161girstam, kad kito \u017emogaus gyvenime per mald\u0105 \u012fvyko ka\u017ekas ne\u012fprasto, tol mums patiems sunku patik\u0117ti, kad tai \u012fmanoma ir patiems pabandyti. Mano dvasini\u0173 dalyk\u0173 pa\u017einimas taip pat prasid\u0117jo nuo i\u0161girsto liudijimo. Tai tikiuosi, mano liudijimai, ka\u017ekam atvers naujus horizontus, naujus neartus dirvonus.<\/p>\n\n\n\n<div class=\"wp-block-buttons is-layout-flex wp-block-buttons-is-layout-flex\">\n<div class=\"wp-block-button\"><a class=\"wp-block-button__link\" href=\"https:\/\/jgs.lt\/index.php\/liudijimai\/\">Eiti \u012f liudijimus<\/a><\/div>\n<\/div>\n<\/div>\n\n\n\n<div class=\"wp-block-column is-vertically-aligned-center is-layout-flow wp-block-column-is-layout-flow\" style=\"flex-basis:66.66%\">\n<figure class=\"wp-block-gallery has-nested-images columns-2 wp-block-gallery-1 is-layout-flex wp-block-gallery-is-layout-flex\">\n<figure class=\"wp-block-image size-large\"><img loading=\"lazy\" decoding=\"async\" width=\"378\" height=\"385\" data-id=\"54\" src=\"https:\/\/jgs.lt\/wp-content\/uploads\/2020\/09\/image-1.jpg\" alt=\"\" class=\"wp-image-54\" srcset=\"https:\/\/jgs.lt\/wp-content\/uploads\/2020\/09\/image-1.jpg 378w, https:\/\/jgs.lt\/wp-content\/uploads\/2020\/09\/image-1-295x300.jpg 295w\" sizes=\"auto, (max-width: 378px) 100vw, 378px\" \/><\/figure>\n\n\n\n<figure class=\"wp-block-image size-large\"><img loading=\"lazy\" decoding=\"async\" width=\"378\" height=\"385\" data-id=\"57\" src=\"https:\/\/jgs.lt\/wp-content\/uploads\/2020\/09\/snow-1.jpg\" alt=\"\" class=\"wp-image-57\" srcset=\"https:\/\/jgs.lt\/wp-content\/uploads\/2020\/09\/snow-1.jpg 378w, https:\/\/jgs.lt\/wp-content\/uploads\/2020\/09\/snow-1-295x300.jpg 295w\" sizes=\"auto, (max-width: 378px) 100vw, 378px\" \/><\/figure>\n\n\n\n<figure class=\"wp-block-image size-large\"><img loading=\"lazy\" decoding=\"async\" width=\"379\" height=\"218\" data-id=\"55\" src=\"https:\/\/jgs.lt\/wp-content\/uploads\/2020\/09\/mountain-3.jpg\" alt=\"\" class=\"wp-image-55\" srcset=\"https:\/\/jgs.lt\/wp-content\/uploads\/2020\/09\/mountain-3.jpg 379w, https:\/\/jgs.lt\/wp-content\/uploads\/2020\/09\/mountain-3-300x173.jpg 300w\" sizes=\"auto, (max-width: 379px) 100vw, 379px\" \/><\/figure>\n\n\n\n<figure class=\"wp-block-image size-large\"><img loading=\"lazy\" decoding=\"async\" width=\"379\" height=\"218\" data-id=\"56\" src=\"https:\/\/jgs.lt\/wp-content\/uploads\/2020\/09\/snow.jpg\" alt=\"\" class=\"wp-image-56\" srcset=\"https:\/\/jgs.lt\/wp-content\/uploads\/2020\/09\/snow.jpg 379w, https:\/\/jgs.lt\/wp-content\/uploads\/2020\/09\/snow-300x173.jpg 300w\" sizes=\"auto, (max-width: 379px) 100vw, 379px\" \/><\/figure>\n<\/figure>\n<\/div>\n<\/div>\n<\/div><\/div>\n","protected":false},"excerpt":{"rendered":"<p>English J\u0117zus gyvas \u0161iandien ir a\u0161 parodysiu, kod\u0117l taip manau Jei nerandi atsakymo \u012f pagrindinius gyvenimo klausimus? Kod\u0117l tu atsiradai \u0161itoj \u017eem\u0117j? D\u0117l ko visa tai? Koks gyvenimo tikslas? \u012esileisk mintis apie J\u0117z\u0173, Diev\u0105 \u012f savo galv\u0105 ir tu prad\u0117si tuos pa\u010dius dalykus visai kitaip suprasti. Tu suprasi, kod\u0117l tu atsiradai \u010dia ir kur link [&hellip;]<\/p>\n","protected":false},"author":1,"featured_media":0,"parent":0,"menu_order":0,"comment_status":"closed","ping_status":"closed","template":"","meta":{"om_disable_all_campaigns":false,"_monsterinsights_skip_tracking":false,"_monsterinsights_sitenote_active":false,"_monsterinsights_sitenote_note":"","_monsterinsights_sitenote_category":0,"site-sidebar-layout":"no-sidebar","site-content-layout":"plain-container","ast-site-content-layout":"default","site-content-style":"default","site-sidebar-style":"default","ast-global-header-display":"","ast-banner-title-visibility":"","ast-main-header-display":"","ast-hfb-above-header-display":"","ast-hfb-below-header-display":"","ast-hfb-mobile-header-display":"","site-post-title":"disabled","ast-breadcrumbs-content":"","ast-featured-img":"","footer-sml-layout":"","ast-disable-related-posts":"","theme-transparent-header-meta":"enabled","adv-header-id-meta":"","stick-header-meta":"","header-above-stick-meta":"","header-main-stick-meta":"","header-below-stick-meta":"","astra-migrate-meta-layouts":"default","ast-page-background-enabled":"default","ast-page-background-meta":{"desktop":{"background-color":"","background-image":"","background-repeat":"repeat","background-position":"center center","background-size":"auto","background-attachment":"scroll","background-type":"","background-media":"","overlay-type":"","overlay-color":"","overlay-opacity":"","overlay-gradient":""},"tablet":{"background-color":"","background-image":"","background-repeat":"repeat","background-position":"center center","background-size":"auto","background-attachment":"scroll","background-type":"","background-media":"","overlay-type":"","overlay-color":"","overlay-opacity":"","overlay-gradient":""},"mobile":{"background-color":"","background-image":"","background-repeat":"repeat","background-position":"center center","background-size":"auto","background-attachment":"scroll","background-type":"","background-media":"","overlay-type":"","overlay-color":"","overlay-opacity":"","overlay-gradient":""}},"ast-content-background-meta":{"desktop":{"background-color":"var(--ast-global-color-5)","background-image":"","background-repeat":"repeat","background-position":"center center","background-size":"auto","background-attachment":"scroll","background-type":"","background-media":"","overlay-type":"","overlay-color":"","overlay-opacity":"","overlay-gradient":""},"tablet":{"background-color":"var(--ast-global-color-5)","background-image":"","background-repeat":"repeat","background-position":"center center","background-size":"auto","background-attachment":"scroll","background-type":"","background-media":"","overlay-type":"","overlay-color":"","overlay-opacity":"","overlay-gradient":""},"mobile":{"background-color":"var(--ast-global-color-5)","background-image":"","background-repeat":"repeat","background-position":"center center","background-size":"auto","background-attachment":"scroll","background-type":"","background-media":"","overlay-type":"","overlay-color":"","overlay-opacity":"","overlay-gradient":""}},"footnotes":""},"class_list":["post-10","page","type-page","status-publish","hentry"],"aioseo_notices":[],"_links":{"self":[{"href":"https:\/\/jgs.lt\/index.php\/wp-json\/wp\/v2\/pages\/10","targetHints":{"allow":["GET"]}}],"collection":[{"href":"https:\/\/jgs.lt\/index.php\/wp-json\/wp\/v2\/pages"}],"about":[{"href":"https:\/\/jgs.lt\/index.php\/wp-json\/wp\/v2\/types\/page"}],"author":[{"embeddable":true,"href":"https:\/\/jgs.lt\/index.php\/wp-json\/wp\/v2\/users\/1"}],"replies":[{"embeddable":true,"href":"https:\/\/jgs.lt\/index.php\/wp-json\/wp\/v2\/comments?post=10"}],"version-history":[{"count":46,"href":"https:\/\/jgs.lt\/index.php\/wp-json\/wp\/v2\/pages\/10\/revisions"}],"predecessor-version":[{"id":1035,"href":"https:\/\/jgs.lt\/index.php\/wp-json\/wp\/v2\/pages\/10\/revisions\/1035"}],"wp:attachment":[{"href":"https:\/\/jgs.lt\/index.php\/wp-json\/wp\/v2\/media?parent=10"}],"curies":[{"name":"wp","href":"https:\/\/api.w.org\/{rel}","templated":true}]}}