{"id":251,"date":"2022-01-03T09:13:30","date_gmt":"2022-01-03T07:13:30","guid":{"rendered":"https:\/\/jgs.lt\/?page_id=251"},"modified":"2023-02-14T16:25:41","modified_gmt":"2023-02-14T14:25:41","slug":"karves_nesiversiuoja","status":"publish","type":"page","link":"https:\/\/jgs.lt\/index.php\/liudijimai\/karves_nesiversiuoja\/","title":{"rendered":"Karv\u0117s nesiver\u0161iuoja"},"content":{"rendered":"\n<div class=\"wp-block-cover alignfull is-light has-custom-content-position is-position-top-center\" style=\"min-height:200px;aspect-ratio:unset;\"><span aria-hidden=\"true\" class=\"wp-block-cover__background has-background-dim-40 has-background-dim\"><\/span><img loading=\"lazy\" decoding=\"async\" width=\"1024\" height=\"340\" class=\"wp-block-cover__image-background wp-image-71\" alt=\"\" src=\"https:\/\/jgs.lt\/wp-content\/uploads\/2020\/09\/services-bg-1024x340.jpg\" style=\"object-position:4% 27%\" data-object-fit=\"cover\" data-object-position=\"4% 27%\" srcset=\"https:\/\/jgs.lt\/wp-content\/uploads\/2020\/09\/services-bg-1024x340.jpg 1024w, https:\/\/jgs.lt\/wp-content\/uploads\/2020\/09\/services-bg-300x100.jpg 300w, https:\/\/jgs.lt\/wp-content\/uploads\/2020\/09\/services-bg-768x255.jpg 768w, https:\/\/jgs.lt\/wp-content\/uploads\/2020\/09\/services-bg-1536x510.jpg 1536w, https:\/\/jgs.lt\/wp-content\/uploads\/2020\/09\/services-bg.jpg 1920w\" sizes=\"auto, (max-width: 1024px) 100vw, 1024px\" \/><div class=\"wp-block-cover__inner-container is-layout-flow wp-block-cover-is-layout-flow\">\n<p class=\"has-large-font-size\"><strong>Liudijimai<\/strong><\/p>\n<\/div><\/div>\n\n\n\n<p><a href=\"https:\/\/jgs.lt\/en\/index.php\/testimonies\/cows-do-not-calve\/\" title=\"English\"><strong>English<\/strong><\/a><\/p>\n\n\n\n<h3 class=\"has-text-align-center wp-block-heading\" id=\"karves-nesiversiuoja\"><strong>Karv\u0117s nesiver\u0161iuoja<\/strong><\/h3>\n\n\n\n<p>Broliai ir ses\u0117s Kristuje, noriu pasidalinti liudijimu, kaip Dievas atsak\u0117 su stebuklu \u012f mano maldas, kai a\u0161 dar buvau paauglys.<\/p>\n\n\n\n<p><a href=\"http:\/\/biblija.lt\/index.aspx?cmp=find&amp;str=ps%20127:1&amp;doc=BiblijaRKK1998\" title=\"Ps 127:1\">Ps 127:1<\/a> Jei VIE\u0160PATS nestato namo, veltui tri\u016bsia tie, kurie j\u012f stato. Jei VIE\u0160PATS nesaugo miesto, veltui budi sargai.<\/p>\n\n\n\n<p>Kai man buvo apie 16 17 met\u0173, u\u017esira\u0161iau dirbt sargu \u012f ferm\u0105. \u012edarbino brol\u012f, nes jam jau buvo 18 met\u0173, o sargaut \u0117jau a\u0161. Man buvo u\u017estrigusi viena ra\u0161to vieta, kad :&#8221;  Jei VIE\u0160PATS nesaugo miesto, veltui budi sargai.&#8221; ir a\u0161 bijodamas, kad kas negero neatsitikt\u0173, ar karv\u0117s nenutrukt\u0173, nesusibadyt\u0173, nesiver\u0161iuot\u0173, melsdavausi bent poter\u012f ta intencija, ir dar kitom intencijom melsdavausi ro\u017ein\u012f. Ir a\u0161 labai gerai atsimenu tris ver\u0161iavimusis, kuriuos teko priimt. O mama sakydavo:&#8221;nebijok ver\u0161iavimusi, paskambinsi telefonu, ir mes atsikel\u0119 ateisim pad\u0117t&#8221;. Ka\u017ekaip nekreipdavau d\u0117mesio, kad man karv\u0117s nesiver\u0161iuodavo, tik pavasar\u012f per ka\u017ekok\u012f susirinkim\u0105 a\u0161 pavar\u010diau ver\u0161iavimosi registravimo s\u0105siuvin\u012f ir supratau, kad Dievas vis\u0105 \u017eiem\u0105 prie\u0161 mano akis dar\u0117 stebukl\u0105, tik a\u0161 nesupratau. Tame s\u0105 siuvinyje radau, kad m\u016bs\u0173 kaimynui, su kuriuo mes pakaitomis saugojom kas antr\u0105 nak\u012f karves, jos ver\u0161iuodavosi kiekvien\u0105 nakt\u012f po 1, 2 kartais net 3. Buvo tik viena kita naktis be ver\u010diavimosi. O ferma ten buvo did\u017eiul\u0117 200 karvi\u0173. A\u010di\u016b Dievui u\u017e pagalb\u0105. Jis tikrai saugojo vietoj man\u0119s, kad man b\u016bt\u0173 komfortas dirbt.<\/p>\n\n\n\n<p><a href=\"https:\/\/jgs.lt\/index.php\/pradzia\/liudijimai\/\" title=\"Liudijimai\">Gr\u012f\u017eti \u012f liudijimus<\/a><\/p>\n","protected":false},"excerpt":{"rendered":"<p>English Karv\u0117s nesiver\u0161iuoja Broliai ir ses\u0117s Kristuje, noriu pasidalinti liudijimu, kaip Dievas atsak\u0117 su stebuklu \u012f mano maldas, kai a\u0161 dar buvau paauglys. Ps 127:1 Jei VIE\u0160PATS nestato namo, veltui tri\u016bsia tie, kurie j\u012f stato. Jei VIE\u0160PATS nesaugo miesto, veltui budi sargai. Kai man buvo apie 16 17 met\u0173, u\u017esira\u0161iau dirbt sargu \u012f ferm\u0105. \u012edarbino [&hellip;]<\/p>\n","protected":false},"author":1,"featured_media":0,"parent":8,"menu_order":3,"comment_status":"open","ping_status":"closed","template":"","meta":{"om_disable_all_campaigns":false,"_monsterinsights_skip_tracking":false,"_monsterinsights_sitenote_active":false,"_monsterinsights_sitenote_note":"","_monsterinsights_sitenote_category":0,"site-sidebar-layout":"default","site-content-layout":"plain-container","ast-site-content-layout":"default","site-content-style":"default","site-sidebar-style":"default","ast-global-header-display":"","ast-banner-title-visibility":"","ast-main-header-display":"","ast-hfb-above-header-display":"","ast-hfb-below-header-display":"","ast-hfb-mobile-header-display":"","site-post-title":"disabled","ast-breadcrumbs-content":"","ast-featured-img":"","footer-sml-layout":"","ast-disable-related-posts":"","theme-transparent-header-meta":"enabled","adv-header-id-meta":"","stick-header-meta":"","header-above-stick-meta":"","header-main-stick-meta":"","header-below-stick-meta":"","astra-migrate-meta-layouts":"default","ast-page-background-enabled":"default","ast-page-background-meta":{"desktop":{"background-color":"","background-image":"","background-repeat":"repeat","background-position":"center center","background-size":"auto","background-attachment":"scroll","background-type":"","background-media":"","overlay-type":"","overlay-color":"","overlay-opacity":"","overlay-gradient":""},"tablet":{"background-color":"","background-image":"","background-repeat":"repeat","background-position":"center center","background-size":"auto","background-attachment":"scroll","background-type":"","background-media":"","overlay-type":"","overlay-color":"","overlay-opacity":"","overlay-gradient":""},"mobile":{"background-color":"","background-image":"","background-repeat":"repeat","background-position":"center center","background-size":"auto","background-attachment":"scroll","background-type":"","background-media":"","overlay-type":"","overlay-color":"","overlay-opacity":"","overlay-gradient":""}},"ast-content-background-meta":{"desktop":{"background-color":"var(--ast-global-color-5)","background-image":"","background-repeat":"repeat","background-position":"center center","background-size":"auto","background-attachment":"scroll","background-type":"","background-media":"","overlay-type":"","overlay-color":"","overlay-opacity":"","overlay-gradient":""},"tablet":{"background-color":"var(--ast-global-color-5)","background-image":"","background-repeat":"repeat","background-position":"center center","background-size":"auto","background-attachment":"scroll","background-type":"","background-media":"","overlay-type":"","overlay-color":"","overlay-opacity":"","overlay-gradient":""},"mobile":{"background-color":"var(--ast-global-color-5)","background-image":"","background-repeat":"repeat","background-position":"center center","background-size":"auto","background-attachment":"scroll","background-type":"","background-media":"","overlay-type":"","overlay-color":"","overlay-opacity":"","overlay-gradient":""}},"footnotes":""},"class_list":["post-251","page","type-page","status-publish","hentry"],"aioseo_notices":[],"_links":{"self":[{"href":"https:\/\/jgs.lt\/index.php\/wp-json\/wp\/v2\/pages\/251","targetHints":{"allow":["GET"]}}],"collection":[{"href":"https:\/\/jgs.lt\/index.php\/wp-json\/wp\/v2\/pages"}],"about":[{"href":"https:\/\/jgs.lt\/index.php\/wp-json\/wp\/v2\/types\/page"}],"author":[{"embeddable":true,"href":"https:\/\/jgs.lt\/index.php\/wp-json\/wp\/v2\/users\/1"}],"replies":[{"embeddable":true,"href":"https:\/\/jgs.lt\/index.php\/wp-json\/wp\/v2\/comments?post=251"}],"version-history":[{"count":10,"href":"https:\/\/jgs.lt\/index.php\/wp-json\/wp\/v2\/pages\/251\/revisions"}],"predecessor-version":[{"id":1003,"href":"https:\/\/jgs.lt\/index.php\/wp-json\/wp\/v2\/pages\/251\/revisions\/1003"}],"up":[{"embeddable":true,"href":"https:\/\/jgs.lt\/index.php\/wp-json\/wp\/v2\/pages\/8"}],"wp:attachment":[{"href":"https:\/\/jgs.lt\/index.php\/wp-json\/wp\/v2\/media?parent=251"}],"curies":[{"name":"wp","href":"https:\/\/api.w.org\/{rel}","templated":true}]}}