{"id":275,"date":"2022-01-03T11:56:18","date_gmt":"2022-01-03T11:56:18","guid":{"rendered":"https:\/\/jgs.lt\/?page_id=275"},"modified":"2023-02-14T16:24:07","modified_gmt":"2023-02-14T14:24:07","slug":"mama","status":"publish","type":"page","link":"https:\/\/jgs.lt\/index.php\/liudijimai\/mama\/","title":{"rendered":"Mama"},"content":{"rendered":"\n<div class=\"wp-block-cover alignfull is-light\" style=\"min-height:200px;aspect-ratio:unset;\"><span aria-hidden=\"true\" class=\"wp-block-cover__background has-background-dim-40 has-background-dim\"><\/span><img loading=\"lazy\" decoding=\"async\" width=\"1024\" height=\"340\" class=\"wp-block-cover__image-background wp-image-71\" alt=\"\" src=\"https:\/\/jgs.lt\/wp-content\/uploads\/2020\/09\/services-bg-1024x340.jpg\" style=\"object-position:4% 27%\" data-object-fit=\"cover\" data-object-position=\"4% 27%\" srcset=\"https:\/\/jgs.lt\/wp-content\/uploads\/2020\/09\/services-bg-1024x340.jpg 1024w, https:\/\/jgs.lt\/wp-content\/uploads\/2020\/09\/services-bg-300x100.jpg 300w, https:\/\/jgs.lt\/wp-content\/uploads\/2020\/09\/services-bg-768x255.jpg 768w, https:\/\/jgs.lt\/wp-content\/uploads\/2020\/09\/services-bg-1536x510.jpg 1536w, https:\/\/jgs.lt\/wp-content\/uploads\/2020\/09\/services-bg.jpg 1920w\" sizes=\"auto, (max-width: 1024px) 100vw, 1024px\" \/><div class=\"wp-block-cover__inner-container is-layout-flow wp-block-cover-is-layout-flow\">\n<p class=\"has-text-align-center has-large-font-size\"><strong>Liudijimai<\/strong><\/p>\n<\/div><\/div>\n\n\n\n<p><a href=\"https:\/\/jgs.lt\/en\/index.php\/testimonies\/mom\/\" title=\"English\"><strong>English<\/strong><\/a><\/p>\n\n\n\n<p>Noriu pasidalinti mano mamos pasakojimu apie Dievo darbus jos gyvenime per malda. Dievas tikrai veikia, jei juo pasitiki ir \u012f j\u012f kreipiesi su pagalbos pra\u0161ymu. Rekomenduoju kiekvienam i\u0161bandyti Diev\u0105 savo kasdieniuose ma\u017eesniuose ar didesniuose r\u016bpes\u010diuose. Tegu u\u017esimezga kiekvienam asmeninis ry\u0161ys su m\u016bs\u0173 Dangi\u0161kuoju T\u0117\u010diu, per J\u0117z\u0173 Krist\u0173. B\u016bkit palaiminti J\u0117zaus vardu.<\/p>\n\n\n\n<p>Mama pasakojo, kad jai irgi yra tek\u0119 patirti, kaip Dievas i\u0161klauso maldos. Senais laikais, vien\u0105 dien\u0105 jie dirbo laukuose ka\u017ekokius darbus, ar \u0161ien\u0105 ve\u017e\u0117, ar javus kult reik\u0117jo ir artinosi lietaus debesis. Ji meld\u0117si, kad Dievas nuvyt\u0173 debes\u012f \u012f \u0161on\u0105, ar kad j\u0173 nepaliest\u0173 lietus, nebeatsimenu, ir Dievas i\u0161girdo, tas debesis aplenk\u0117 j\u0173 lauk\u0105 ratu. M\u016bs\u0173 Dievas geras ir i\u0161tikimas, padeda m\u016bs\u0173 sunkumuose.&nbsp;<\/p>\n\n\n\n<p>Dar yra pasakojusi, kad kai ka\u017ekur reik\u0117davo va\u017eiuot \u012f kit\u0105 miest\u0105 tvarkyt \u016bkio reikal\u0173 ir ne\u017einia ar rasi tuos \u017emones ar kokius pareig\u016bnus, pas kuriuos va\u017eiuodavo, visada melsdavosi, kad Dievas padaryt\u0173 kelion\u0119 s\u0117kming\u0105, kad sp\u0117t\u0173 visk\u0105 susitvarkyt iki kol paskutinis autobusas va\u017eiuos, nes m\u016bs\u0173 \u0161eima ilg\u0105 laik\u0105 netur\u0117jom savos ma\u0161inos. Ir viskas eidavosi kaip per sviest\u0105, visk\u0105 rasdavo ir visk\u0105 sp\u0117davo susiorganizuot. <\/p>\n\n\n\n<p>Mama pasakojo, kad kai lauk\u0117si man\u0119s, ji galvojo, pirm\u0105 s\u016bn\u0173 pagimdysiu sau, o antra Dievui, tegu jis bus kunigu. A\u0161 netapau kunigu, bet tik\u0117jimas man prilipo. Mano brolis\u00a0 at\u0161alo nuo Dievo. Taigi, mamos, b\u016bkit atsargios, ne\u012fsileiskit blog\u0173 min\u010di\u0173 \u012f savo galv\u0105, kai ne\u0161iojat nauj\u0105 gyvyb\u0119 po \u0161irdim. Dangi\u0161kasis T\u0117ti, palaimink kiekvien\u0105 motin\u0105, kuri \u012fsid\u0117s \u0161ituos \u017eod\u017eius \u012f \u0161ird\u012f ir saugos save nuo blog\u0173 min\u010di\u0173 kai ne\u0161ios nauj\u0105 gyvyb\u0119 savyje, nes mintys irgi padaro savo darb\u0105. A\u0161 meld\u017eiu J\u0117zaus vardu.<\/p>\n\n\n\n<p><a href=\"https:\/\/jgs.lt\/index.php\/pradzia\/liudijimai\/\" title=\"Liudijimai\">Gr\u012f\u017eti \u012f liudijimus<\/a><\/p>\n","protected":false},"excerpt":{"rendered":"<p>English Noriu pasidalinti mano mamos pasakojimu apie Dievo darbus jos gyvenime per malda. Dievas tikrai veikia, jei juo pasitiki ir \u012f j\u012f kreipiesi su pagalbos pra\u0161ymu. Rekomenduoju kiekvienam i\u0161bandyti Diev\u0105 savo kasdieniuose ma\u017eesniuose ar didesniuose r\u016bpes\u010diuose. Tegu u\u017esimezga kiekvienam asmeninis ry\u0161ys su m\u016bs\u0173 Dangi\u0161kuoju T\u0117\u010diu, per J\u0117z\u0173 Krist\u0173. B\u016bkit palaiminti J\u0117zaus vardu. Mama pasakojo, kad [&hellip;]<\/p>\n","protected":false},"author":1,"featured_media":0,"parent":8,"menu_order":2,"comment_status":"open","ping_status":"closed","template":"","meta":{"om_disable_all_campaigns":false,"_monsterinsights_skip_tracking":false,"_monsterinsights_sitenote_active":false,"_monsterinsights_sitenote_note":"","_monsterinsights_sitenote_category":0,"site-sidebar-layout":"default","site-content-layout":"plain-container","ast-site-content-layout":"default","site-content-style":"default","site-sidebar-style":"default","ast-global-header-display":"","ast-banner-title-visibility":"","ast-main-header-display":"","ast-hfb-above-header-display":"","ast-hfb-below-header-display":"","ast-hfb-mobile-header-display":"","site-post-title":"disabled","ast-breadcrumbs-content":"","ast-featured-img":"","footer-sml-layout":"","ast-disable-related-posts":"","theme-transparent-header-meta":"enabled","adv-header-id-meta":"","stick-header-meta":"","header-above-stick-meta":"","header-main-stick-meta":"","header-below-stick-meta":"","astra-migrate-meta-layouts":"default","ast-page-background-enabled":"default","ast-page-background-meta":{"desktop":{"background-color":"","background-image":"","background-repeat":"repeat","background-position":"center center","background-size":"auto","background-attachment":"scroll","background-type":"","background-media":"","overlay-type":"","overlay-color":"","overlay-opacity":"","overlay-gradient":""},"tablet":{"background-color":"","background-image":"","background-repeat":"repeat","background-position":"center center","background-size":"auto","background-attachment":"scroll","background-type":"","background-media":"","overlay-type":"","overlay-color":"","overlay-opacity":"","overlay-gradient":""},"mobile":{"background-color":"","background-image":"","background-repeat":"repeat","background-position":"center center","background-size":"auto","background-attachment":"scroll","background-type":"","background-media":"","overlay-type":"","overlay-color":"","overlay-opacity":"","overlay-gradient":""}},"ast-content-background-meta":{"desktop":{"background-color":"var(--ast-global-color-5)","background-image":"","background-repeat":"repeat","background-position":"center center","background-size":"auto","background-attachment":"scroll","background-type":"","background-media":"","overlay-type":"","overlay-color":"","overlay-opacity":"","overlay-gradient":""},"tablet":{"background-color":"var(--ast-global-color-5)","background-image":"","background-repeat":"repeat","background-position":"center center","background-size":"auto","background-attachment":"scroll","background-type":"","background-media":"","overlay-type":"","overlay-color":"","overlay-opacity":"","overlay-gradient":""},"mobile":{"background-color":"var(--ast-global-color-5)","background-image":"","background-repeat":"repeat","background-position":"center center","background-size":"auto","background-attachment":"scroll","background-type":"","background-media":"","overlay-type":"","overlay-color":"","overlay-opacity":"","overlay-gradient":""}},"footnotes":""},"class_list":["post-275","page","type-page","status-publish","hentry"],"aioseo_notices":[],"_links":{"self":[{"href":"https:\/\/jgs.lt\/index.php\/wp-json\/wp\/v2\/pages\/275","targetHints":{"allow":["GET"]}}],"collection":[{"href":"https:\/\/jgs.lt\/index.php\/wp-json\/wp\/v2\/pages"}],"about":[{"href":"https:\/\/jgs.lt\/index.php\/wp-json\/wp\/v2\/types\/page"}],"author":[{"embeddable":true,"href":"https:\/\/jgs.lt\/index.php\/wp-json\/wp\/v2\/users\/1"}],"replies":[{"embeddable":true,"href":"https:\/\/jgs.lt\/index.php\/wp-json\/wp\/v2\/comments?post=275"}],"version-history":[{"count":7,"href":"https:\/\/jgs.lt\/index.php\/wp-json\/wp\/v2\/pages\/275\/revisions"}],"predecessor-version":[{"id":1002,"href":"https:\/\/jgs.lt\/index.php\/wp-json\/wp\/v2\/pages\/275\/revisions\/1002"}],"up":[{"embeddable":true,"href":"https:\/\/jgs.lt\/index.php\/wp-json\/wp\/v2\/pages\/8"}],"wp:attachment":[{"href":"https:\/\/jgs.lt\/index.php\/wp-json\/wp\/v2\/media?parent=275"}],"curies":[{"name":"wp","href":"https:\/\/api.w.org\/{rel}","templated":true}]}}